= -2*t + t - 35. Let o = t - -63. What is the tens digit of o?
2
Let y(g) be the third derivative of 0*g - 2*g**2 - 7/24*g**4 - 1/6*g**3 + 0. What is the units digit of y(-1)?
6
Let u be 6 - (1 - 2)/(-1). Let a = 3 - u. What is the units digit of (-1)/a*(0 - -2)?
1
Let r be 1*(3 + 0 + 71). Let h = r + -52. What is the tens digit of h?
2
Suppose -2*w = -5*s + 143, -2*s + w = 13 - 71. Let a = s + -42. Let f = 21 + a. What is the units digit of f?
6
Suppose 0 = -4*j + 5*v - 15, -j - 2*j - 4*v = -12. Let y(h) = -h**3 - 3*h**2 - 4*h - 3. Let c be y(-3). What is the units digit of 5 + j + 0/c?
5
Let q(d) be the second derivative of -3*d + 0 - 1/3*d**3 - 11/2*d**2. What is the units digit of q(-8)?
5
Suppose -i + 4*i - 21 = 0. Let k be (-2)/i + (-867)/(-21). Suppose 6*f - g = f + k, 3*f - 5*g - 29 = 0. What is the units digit of f?
8
Suppose -27*h + 1450 = -22*h. What is the units digit of h?
0
Let v = -1408 + 771. What is the units digit of v/(-28) + (-1)/(-4)?
3
Suppose -2*o = -2*b - 22, 3 + 1 = b. Let a be o + -3*(-6)/(-9). Suppose -t + 0 = -a. What is the units digit of t?
3
Let z(g) = g**2 - 2. Let b(s) = 2*s + 6. Let q be b(-4). Let l be z(q). Suppose -l*r = 3*f - 34, 2*r + 2*r - 64 = -4*f. What is the tens digit of r?
1
Let n(s) = -s**3 - s - 7. Let l be n(0). Let g(z) = -z**3 - 8*z**2 - 8*z - 4. Let o be g(l). Suppose 15 = -o*h + 4*h. What is the units digit of h?
5
Let o = 1 - -1. Suppose 2*d - 10 = d + 4*h, 0 = o*d + 4*h + 4. What is the units digit of d?
2
What is the units digit of (306/4)/(6/8)?
2
Let u(l) = l**2 - 8*l + 5. Let d be u(7). Let o be (-2)/(-6) - 83/(-3). What is the units digit of (6 - o)*1/d?
1
Let z = 1 + 1. Suppose z*t + 2 = 12. Suppose 0 = -2*r + t*r - 30. What is the units digit of r?
0
Let h = 6 - 13. Let m be (h/(-21))/((-1)/(-303)). Suppose 0*b - m = -5*f + 4*b, -3*b - 29 = -f. What is the tens digit of f?
1
Let r be 5 + (-1 - -1) - 1. Suppose r*p = 2*p + 64. Suppose -w - w = -p. What is the units digit of w?
6
Let z(f) = 9*f + 13. What is the units digit of z(9)?
4
Let w(u) = -6*u - 19. What is the units digit of w(-12)?
3
Suppose 5*q - 135 + 30 = 0. What is the units digit of q?
1
What is the tens digit of (-3 + 1)/(-6) - (-350)/3?
1
What is the units digit of -18*(-1)/9*3?
6
Suppose 4*f = 5*d + 16, d = f - 3*d - 4. Suppose -f*v - 2 + 0 = 2*u, -3*u = 3. Suppose v = 3*p - 17 + 5. What is the units digit of p?
4
Suppose -3*k - 14 = -5*g - 3, 0 = -3*k + g + 5. Suppose -b + 24 = k*b. Let l = 2 + b. What is the units digit of l?
8
Let a(b) = 33*b + 7. What is the hundreds digit of a(3)?
1
Let g(s) = -126*s**3 - 3*s - 2. What is the tens digit of g(-1)?
2
Suppose -2*y = -5*y + 12. Suppose -g + 10 = 3*v, -2*v + g + y*g - 16 = 0. What is the units digit of v?
2
Let s be 3 + (-2 - 2/1). What is the tens digit of s - 1/2*-26?
1
Suppose 4*m = 2*m + 100. What is the tens digit of m?
5
Suppose 198 = 3*k + 51. What is the tens digit of k?
4
Let q be 0/(-2*(-3)/(-3)). Suppose 1 = n - q. What is the units digit of n?
1
Let j(s) = s**3 + 9*s**2 + 3*s + 6. What is the units digit of j(-4)?
4
Let k(y) = -11*y + 13. What is the units digit of k(-7)?
0
Let f(z) = 4*z**2 + 30*z + 1. What is the tens digit of f(-9)?
5
Suppose -4*j + j = 4*i - 108, 0 = -2*i + 6. What is the units digit of j?
2
Let t be (-16)/(-6)*(-3)/(-2). Suppose 3*q + t = -8. Let u(p) = p**2 + 3*p - 2. What is the units digit of u(q)?
2
Let o(l) = 5*l**3 - 5*l + 2*l**2 - 8 + 5*l**2 - 4*l**3 - 5*l. What is the units digit of o(-8)?
8
Let w(r) = r**3 - 3*r**2 + r - 1. Let c be w(3). Let z(l) = -7*l + 3 + 3*l**2 - 2*l**2 - c*l**2 + 5. What is the units digit of z(-7)?
8
Let r = -47 - -320. What is the units digit of r/42 - 6/(-4)?
8
What is the units digit of 108/15 - 1/5?
7
What is the hundreds digit of ((-1764)/30)/((-3)/10)?
1
Suppose n = 4*y - n - 18, -3*y - 2*n = -10. Suppose -3*w = -12, -144 = -y*g - 0*w - w. What is the units digit of g?
5
Let s(j) = 5*j**2 + j + 0*j + 0*j**2 - 2. What is the units digit of s(1)?
4
Let d = 1 - 1. What is the units digit of (-5)/((-5)/18) - d?
8
Let p(f) = f**3 - 5*f**2 + 5*f + 4. Let d be p(4). What is the units digit of ((-6)/8 - -2)*d?
0
Let n be (-6)/3*(0 + 4). Let l = 13 + n. What is the units digit of l?
5
Let j(b) = 2*b**3 - b**2 - 6*b - 6. What is the tens digit of j(4)?
8
Suppose 5*u - 130 = -2*d, u - d - 115 = -4*u. Suppose o + 2*c = -o + 28, -u = -2*o - 3*c. What is the units digit of o?
8
Suppose -4*l + 46 + 94 = -4*w, 5*l + 3*w = 135. Let t be 3/(-6)*30/(-3). Suppose 0 = -2*p - 0*a + 4*a + l, t*p = -5*a + 30. What is the units digit of p?
9
Suppose -4*g + 15 = g. What is the tens digit of 3/(((-9)/(-14))/g)?
1
Suppose -6*g = -10*g + 204. What is the tens digit of g?
5
Suppose -z - z = 42. Let i = z - -38. What is the units digit of i?
7
Suppose 0 = -10*g + 11*g - 19. What is the units digit of g?
9
Suppose -11 - 9 = -5*i. Suppose -m + i = 0, m - 32 = -2*y - 2*m. What is the tens digit of y?
1
Suppose -2*k - 4*w + 60 = 0, -3*k - w = k - 148. What is the units digit of k?
8
Let a(x) = -69*x + 28. What is the units digit of a(-3)?
5
Let a = -14 - 10. Let x = -40 - a. Let o = -8 - x. What is the units digit of o?
8
Let l(u) be the first derivative of u**2/2 + 12*u + 1. What is the units digit of l(-7)?
5
Let f(l) = 2*l - 2. Let o be f(4). Suppose s = -2*b + 43, o*b + 5*s - 75 = 3*b. What is the units digit of b?
0
Let t = 9 + -6. Suppose -t*l + 20 = -l. What is the units digit of l?
0
Suppose -6*f = -4*f. Let b be f*(2 + -1 + 0). Suppose -5*r + 9 + 1 = b. What is the units digit of r?
2
Suppose -112 = 4*g + x, 0 = -4*x + 3*x. Let w = -17 - g. What is the tens digit of w?
1
Let u(z) = z**2 - 3*z + 2. Let s be u(2). Suppose -4*a = -16, c = -s*c - 3*a + 14. What is the units digit of 2/((-1)/(-8)*c)?
8
Suppose 0 = -3*l + 24 - 0. Let b(p) = 3*p**3 + p**2 - 2*p + 1. Let q be b(1). What is the units digit of l/(1/6*q)?
6
Let r(b) = b**2 + 8*b - 19. What is the hundreds digit of r(9)?
1
Suppose -68*p + 69*p = 47. What is the tens digit of p?
4
Let f be 3 - 2 - (0 + -3). Let q = f + -2. What is the units digit of q?
2
Suppose t + 46 = 2*t. Let g = -14 + t. What is the tens digit of g?
3
Suppose -62 = 4*i - 2. Let p be (-6)/i + 28/5. Suppose 2*z = p - 0. What is the units digit of z?
3
Let t = -9 - -84. What is the units digit of t?
5
Let g(f) be the third derivative of -f**6/120 - 7*f**5/60 + 2*f**3/3 + f**2. What is the units digit of g(-7)?
4
Suppose -q + 4*z + 84 = -85, 0 = -3*q - 3*z + 582. What is the tens digit of q?
8
Suppose 4*v + 4*d = 9 - 1, 8 = -2*v + 4*d. Suppose -2*u - 16 + 80 = v. What is the units digit of u?
2
Let n(r) = r**2 + 2*r - 7. What is the units digit of n(5)?
8
Suppose -7 = -4*q - 31. Let d(x) = -x**2 - 7*x - 4. Let b be d(q). What is the units digit of 3/(-6) + 3/b?
1
Let p(o) = -o**3 + 10*o**2 + 4*o - 1. What is the units digit of p(6)?
7
Let p = -1 - -4. Let q(v) = -v**2 + 6*v. Let n be q(p). What is the units digit of 4/6 + 39/n?
5
Suppose 2*x + 2*a = -2*x - 12, -3*x + 3*a = -9. Let f = -6 + -9. What is the tens digit of f/x*(3 - 2)?
1
Let w = -2 + -5. Let t = -5 - w. What is the units digit of t?
2
Let z(t) = 2*t - 8. Let s be z(6). Suppose s*d = 25 - 9. Let l = d + -3. What is the units digit of l?
1
Let l = -32 + 61. What is the units digit of l?
9
Let r(f) be the third derivative of f**5/15 + f**4/24 - f**3/6 - f**2. What is the units digit of r(2)?
7
Let w(m) = -m + 6. Let s be 3/(-3)*(-1 + 6). What is the units digit of w(s)?
1
Suppose b - 7 = 3*v - b, -3*b = 5*v + 18. What is the tens digit of v*((-56)/6 + 2)?
2
Let d = -32 + 79. What is the units digit of d?
7
Let g be 8/(-16) - 2/4. Let x(b) = -5*b**3 + 2*b + 1. Let c be x(g). Suppose o - 34 = 4*s, c*o - 3*s = -s + 66. What is the units digit of o?
4
Suppose 251 = 2*c - 5*x, -5*x - 494 = -4*c - 3*x. What is the hundreds digit of c?
1
Let d(l) be the second derivative of l**5/20 + 5*l**4/6 - 2*l**3/3 - 6*l**2 - l. What is the tens digit of d(-10)?
2
Let p = -71 + 113. Suppose -2*h + p = h. Suppose 4*s - 2 = h. What is the units digit of s?
4
Suppose 0 = 7*j - 170 + 16. What is the tens digit of j?
2
Let h(m) = -2*m**2 - m + 79. What is the units digit of h(0)?
9
Let d = 49 - 13. What is the units digit of d?
6
Suppose d = 2 - 0. Let h be 